p(14).
2, 11
Suppose -626 = -5*d - l, 2*d + l - 202 = 49. Suppose -5*t + 5*v = -930, -2*t - d = -3*v - 501. Suppose 2*z - t = 130. List the prime factors of z.
2, 3, 13
Let w(h) = 24*h - 2. Let l(u) = 23*u - 3. Let g(y) = 3*l(y) - 2*w(y). Let f be -3*-1*1/1. What are the prime factors of g(f)?
2, 29
Suppose -4*r + 3*p = -7957, 0 = -4*r + 4*p + 3839 + 4121. Suppose 4*m + 175 - r = 0. List the prime factors of m.
3, 151
Let d be ((-35)/20 + 2)*(-1 - -1). Suppose 9*k - 7029 + 909 = d. What are the prime factors of k?
2, 5, 17
Suppose 3*c - 53 = -s, -4*s + 32 = 2*c - 5*s. Let o(g) = -13*g - 33. Let k be o(c). Let i = k - -429. What are the prime factors of i?
5, 7
Let v = 57194 - 32309. List the prime factors of v.
3, 5, 7, 79
Let z(f) = 9*f**3 + 170*f**2 + 20*f + 94. List the prime factors of z(-18).
2, 1163
Let y = -136 - -59. Let h = y + 78. List the prime factors of ((-168)/49)/(h/(-42)).
2, 3
Let n = 14041 + -4488. List the prime factors of n.
41, 233
Let d = -39 - -23. What are the prime factors of 41342/112 - (-2)/d?
3, 41
Let q = -2814 + 19104. Suppose -4*o = 6*o - q. Suppose -233 = -14*l + o. What are the prime factors of l?
7, 19
Let k = 63 - 59. Suppose -10 = -q - k*h, -h = q - 0*q - 7. Let l(i) = -i**3 + 9*i**2 - 6*i + 15. List the prime factors of l(q).
3, 29
Let r(u) = u**3 + 2*u**2 + 6*u + 14. Let n be r(-2). Suppose -4*g + 2380 = 5*q, n*q - 5*g - 439 - 546 = 0. List the prime factors of q.
2, 3, 5
Let s(g) = g**2 + 39*g + 270. Let a be s(-9). Suppose l - 18*l + 7956 = a. What are the prime factors of l?
2, 3, 13
Let u(d) = -d - 6. Let z be u(-13). Suppose 0 = p - 2*k - z - 17, 12 = -3*k. What are the prime factors of p?
2
Suppose -9*r - 72214 + 613185 = 164*r. What are the prime factors of r?
53, 59
Let l be (-1)/((-1)/10 - (-6)/(-15)). Suppose l*k = -0*k + g - 48, -5*k + 3*g = 122. Let j = k + 36. List the prime factors of j.
2, 7
Suppose -2*x - 3*t + 8 = 3*x, -2*x - 2*t = 0. Suppose 0 = 2*b - 4*j + 192, x*j + 0*j + 216 = -2*b. Let m = b - -158. What are the prime factors of m?
2, 7
Suppose 0 = 3*w - 5*c - 33070, 1690*c + 55092 = 5*w + 1694*c. List the prime factors of w.
2, 5, 19, 29
Let t be (-36)/(-4) + (0 - -1). Suppose -t*v = -3*v - 4571. List the prime factors of v.
653
Suppose -88*x - 525609 = -29*x - 4183963. What are the prime factors of x?
2, 7, 43, 103
Suppose 5*z = 5*b + 25, 4*z - b + 20 = 37. Suppose -15*i = -14*i + r - 1230, -3*r = -z*i + 4913. List the prime factors of i.
1229
Let h be (-12)/(-1 - (-2 - -2)). Suppose w + 2*b = h, 5*w + 0*b = b + 16. List the prime factors of 242/w - ((-6)/2)/6.
61
Suppose 3*g + 8*q - 3*q - 40 = 0, -3*g = 2*q - 34. List the prime factors of ((5/g)/1)/(1/2520).
2, 3, 5, 7
Let p(z) = 749*z**2 - 155*z - 112. List the prime factors of p(-6).
2, 29, 479
Let x(s) = 2*s**3 - 13*s**2 - 5*s - 10. Let u be x(7). Suppose 3*n + 5*t - 2*t = 24, -u*n + 16 = -4*t. What are the prime factors of (1/(-2))/(1*n/(-300))?
5
Let w = 8271 - 5508. List the prime factors of w.
3, 307
Let p(d) = -24 + 13*d + 15 - 39 - 4*d. List the prime factors of p(16).
2, 3
Let d = 81327 - 40690. What are the prime factors of d?
40637
Suppose -17*r - 9711 = -26*r. Let b = r - 751. List the prime factors of b.
2, 41
Suppose t + t = 0. Let g = -1 - -11. Suppose -2*j - 180 = -4*r + g, t = -j + 1. List the prime factors of r.
2, 3
Let r be (2/(12/70))/(71/(-10011)). Let x = -1097 - r. What are the prime factors of x?
2, 137
What are the prime factors of -10*10/50 + 7339?
11, 23, 29
Suppose 0 = c - 0*c - 5*q - 84, 2*q + 72 = c. Let d be 12/8*c/24. Suppose -3*y = -15, 254 = 2*s - d*y + 2*y. What are the prime factors of s?
2, 3, 11
Let t(f) = 23*f**2 - 7*f - 5. Let r(m) = -m**3 - 5*m**2 + 7*m + 2. Let s be r(-6). What are the prime factors of t(s)?
17, 23
Let i = 5072 + -2542. What are the prime factors of i?
2, 5, 11, 23
Suppose -343*r = -328*r - 84735. List the prime factors of r.
3, 7, 269
Let s(x) = 4*x**2 + 13*x + 18. Let y be s(-6). List the prime factors of (2 - 160/y) + (-167885)/(-105).
3, 13, 41
Let g be -5 + (-7935)/(-25) + 2/(-5). Suppose 264 = w - 4*z, 237 + g = 2*w - z. List the prime factors of (-2)/6*w*-1.
2, 23
Let q = 23801 + -16128. What are the prime factors of q?
7673
Let a(b) = 2*b + 52. Suppose 4*p - 26*p - 154 = 0. List the prime factors of a(p).
2, 19
Let j(q) = -187*q + 4030. List the prime factors of j(-78).
2, 13, 179
Let w = -593 + 704. Let j = 2 - -3. Suppose 2*r - 46 = -2*z, -r - w = -j*z - 5*r. What are the prime factors of z?
19
Let g(q) = 3*q**3 - 2*q**2 + 3*q - 2. Let n be g(3). Let m = n - 76. Let l(h) = -h**3 - 2*h**2 + 13*h + 14. What are the prime factors of l(m)?
2, 5
Suppose -4*l - 4*y + 89998 = 9530, -3*y = -2*l + 40229. What are the prime factors of l?
2, 47, 107
Let j = 27520 + -13248. List the prime factors of j.
2, 223
Let s(x) = x**2 + 18*x + 22. Let u be 6*((-28)/(-8))/(-7). Let p(g) = -2*g**2 - 18*g - 23. Let d(r) = u*s(r) - 2*p(r). List the prime factors of d(23).
5, 19
Suppose 4*s = 4*q - 5*q + 34716, -s - 8 = 0. What are the prime factors of q?
2, 7, 17, 73
Suppose -2*i - 5*z + 1 - 3 = 0, 5*i - 4*z - 28 = 0. Suppose i*l + 1093 = 3*v, -v - l + 364 = -2*l. List the prime factors of v.
3, 11
Let f = -6110 - -9542. Let z = f + -2393. What are the prime factors of z?
1039
What are the prime factors of 1 - (5 + 40780/(-12) + 2/6)?
2, 1697
Suppose -2*o + o + 162 = 0. Let q(y) = y**3 + 36*y**2 - 31*y + 110. Let r be q(-37). Let h = o + r. What are the prime factors of h?
2, 5
What are the prime factors of 8 - -11130 - (-9 - (4 - 21))?
2, 3, 5, 7, 53
Suppose -3*v + 3*g + 283 = 8*g, -4*v = -5*g - 354. Suppose 0 = -15*l + 67 + 68. Suppose l*h + v = 1000. What are the prime factors of h?
101
Let g(c) = -701*c + 146. What are the prime factors of g(-9)?
5, 1291
Suppose -a - 5*d = -4, -6*a + d - 32 = -a. Let c be a/2 - 9/6*-2. What are the prime factors of (-2)/5 - ((-57)/5 - c)?
11
Let m be (-2256)/141*-10*(-2)/16. What are the prime factors of (m/(-15))/((-7)/(-504))?
2, 3
Suppose 150*w - 161*w = -11. List the prime factors of (w/2)/(5/20) + 834.
2, 11, 19
Let f = 22682 + -22679. Let i be 1138 + ((-2)/(-1) - 0). Suppose -5*q - 868 = -f*j, 0*q + 2*q - i = -4*j. What are the prime factors of j?
2, 11, 13
Suppose 26*b = 19*b + 2688. Suppose 3*z = -0*z + b. Let h = 39 + z. What are the prime factors of h?
167
Let j(f) = 26*f - 48*f - 2*f**3 + 8*f**2 + 3*f**3 + 6 + 29*f. Let u be j(-7). List the prime factors of u*((-70)/(-6) - -1).
2, 19
Let p be 2/(-6) + (-6)/(-18)*-29. Let n be (9 - (6 + 0)) + 1 + p. List the prime factors of (-1)/(n/(-9))*22/(-3).
11
Let p(c) = -28*c**3 - 106*c**2 - 420*c + 33. What are the prime factors of p(-14)?
31, 1999
Let d be 30/(1 + -7)*-1. Suppose -5*g = 10, -6*b + d*b + g + 126 = 0. What are the prime factors of b?
2, 31
Let s = 52947 - 33044. List the prime factors of s.
13, 1531
Suppose 3*j = 11*j + 488. Let a = -61 - j. Suppose -y = -3*x - 21, -y + 2*x - 9 + 35 = a. What are the prime factors of y?
2, 3
Suppose -23*m + 21*m = 2*i - 33808, -2*i + 33778 = -4*m. List the prime factors of i.
3, 43, 131
Let y(x) = 4*x**2 + 27*x - 63. Let s(b) = b**2 + 7*b - 16. Let v(q) = -9*s(q) + 2*y(q). Let d be v(-12). Let l = 68 - d. What are the prime factors of l?
2, 43
Let m(i) = -i**2 + 11*i + 1. Let v be m(10). Suppose v*o + 10 = 13*o. Let r(h) = 22*h - 10. What are the prime factors of r(o)?
2, 5
Suppose -4*i + 3*x = 0, -4*x - x = 5*i - 35. Suppose 229*t - 28 = 222*t. Suppose i*a - 2 = t. What are the prime factors of a?
2
Let u(v) = 2*v + 38. Let p be u(-18). Suppose 55 - 49 = p*z. Suppose 4*l - 5*x - 308 = 109, -l + z*x + 113 = 0. What are the prime factors of l?
2, 7
Let g = -453 + 574. Let f = 218 - g. What are the prime factors of f?
97
Let u = -71 + 63. Let y be 12*-1*(-26)/8. Let r = y - u. What are the prime factors of r?
47
Let t = -26106 + 55100. List the prime factors of t.
2, 7, 19, 109
Suppose 0 = -2*v - 31 - 95. Let g = v - -66. What are the prime factors of (-166 - g/1)/(-1 - 0)?
13
Let y = -97511 - -163685. What are the prime factors of y?
2, 3, 41, 269
Let r(u) = -27*u**2 - 4*u - 46. Let j be r(-9). Let x = -1125 - j. What are the prime factors of x?
2, 67
Let i(m) = 85*m**2 - 16*m + 19. What are the prime factors of i(7)?
2, 509
Suppose -w + 4*j - 1